ase 14) to base 7.
35103213
What is -241324 (base 6) in base 7?
-115306
5e0dc7 (base 15) to base 2
10001001100110001000001
What is -733ab7 (base 16) in base 3?
-112012122221112
Convert 70571 (base 8) to base 3.
1110211220
201110012201 (base 3) to base 15
786a4
24775243 (base 9) to base 14
1885854
What is -116121 (base 12) in base 7?
-2244430
Convert -1331959 (base 11) to base 7.
-25362544
What is 1041352133 (base 6) in base 11?
6400689
What is 111022202110 (base 3) in base 15?
52a93
What is 39b46 (base 12) in base 14?
20d14
-24665052 (base 7) to base 9
-4175360
What is -21012021220201 (base 3) in base 10?
-3824272
Convert 102201021121 (base 3) to base 10.
230569
Convert -11254 (base 7) to base 5.
-43011
Convert -4889d (base 15) to base 14.
-604c0
-44424152 (base 6) to base 10
-1340996
What is -11001120331 (base 4) in base 7?
-14121640
Convert -22000640 (base 8) to base 16.
-4801a0
Convert 3444218 (base 11) to base 13.
132b636
d60bc (base 15) to base 4
2211222120
Convert 5262335 (base 7) to base 13.
193cc7
What is 6335 (base 8) in base 5?
101133
Convert -2130100001 (base 4) to base 11.
-3a792a
348a029 (base 11) to base 4
113032222030
What is -33130424 (base 6) in base 16?
-f2170
Convert -572948 (base 13) to base 14.
-3b983d
Convert 63647a (base 12) to base 15.
20e10d
What is 1111001011011110000010 (base 2) in base 14?
7581a2
What is -1c5d27 (base 16) in base 11?
-105a649
-10bb0 (base 15) to base 3
-2201001210
Convert -32413340 (base 5) to base 8.
-1041264
What is -1032204201 (base 5) in base 11?
-12900a9
What is 22240014 (base 5) in base 16?
2fea3
Convert -104556 (base 8) to base 5.
-2111212
-2b165c (base 13) to base 15
-15e14a
Convert -16167 (base 8) to base 3.
-100222220
-16080230 (base 10) to base 3
-1010020221221002
Convert 12200112100 (base 3) to base 16.
1b534
What is c993c (base 14) in base 6?
14240550
What is 1585 (base 10) in base 4?
120301
Convert -3876630 (base 9) to base 15.
-2bc639
-7345731 (base 8) to base 14
-38b8c9
What is -39aa46 (base 11) in base 16?
-99af4
3504586 (base 11) to base 16
5d7989
Convert 25773b (base 12) to base 13.
18690b
9b652b (base 12) to base 5
1113304312
What is 23260561 (base 7) in base 9?
3761714
-5b3b4 (base 14) to base 11
-142607
Convert 74671 (base 11) to base 3.
12111222210
Convert -5325203 (base 7) to base 11.
-4008a2
Convert 11213310 (base 6) to base 5.
42003302
304333 (base 6) to base 9
36323
What is 5655158 (base 10) in base 12?
1a887b2
32055321 (base 6) to base 13
26c2b4
Convert 1000010101111010011111 (base 2) to base 8.
10257237
What is -11202001002211 (base 3) in base 14?
-498645
-3888332 (base 9) to base 11
-1221858
What is 14543ab (base 13) in base 15?
87a4d2
1621104 (base 8) to base 16
72244
Convert -33453332 (base 6) to base 15.
-151a0b
What is -12b4a8 (base 16) in base 5?
-303212041
What is 61543 (base 12) in base 3?
20110002120
Convert -4413243344 (base 5) to base 16.
-911968
What is 1116510 (base 8) in base 4?
1021311020
What is 101312320 (base 4) in base 5?
4320034
-14c6b8 (base 14) to base 11
-4562a7
Convert 4444327 (base 9) to base 14.
4636d6
Convert -381052 (base 9) to base 7.
-1646516
Convert 1204230310 (base 5) to base 13.
772a15
Convert -2c655 (base 16) to base 2.
-101100011001010101
What is 3112b7 (base 13) in base 3?
2011011211001
What is -14156133 (base 7) in base 6?
-44222350
Convert -10020120111 (base 3) to base 10.
-63841
Convert -101002022021 (base 3) to base 12.
-96a67
2b0826 (base 15) to base 10
2077461
-760414 (base 10) to base 8
-2715136
1231662 (base 7) to base 8
466653
Convert 633559 (base 10) to base 8.
2325327
4520104 (base 9) to base 6
124101304
Convert 6a567 (base 16) to base 12.
190087
What is a94bc (base 16) in base 9?
1266184
Convert -222121212102 (base 3) to base 9.
-877772
What is -110010111111111010010 (base 2) in base 10?
-1671122
Convert 100001001010101110110101 (base 2) to base 6.
510205141
Convert 46a26 (base 11) to base 7.
401430
Convert 69829 (base 16) to base 15.
880b4
Convert -10101100111011110000 (base 2) to base 16.
-acef0
Convert 440202341 (base 5) to base 3.
10112121001202
Convert -120522403 (base 7) to base 5.
-3410022414
Convert 34433 (base 10) to base 15.
a308
What is 10011000001011000 (base 2) in base 15?
18142
What is -2324254 (base 6) in base 12?
-5968a
Convert 2015305 (base 6) to base 5.
11031201
Convert 236367 (base 10) to base 8.
715517
-27a83 (base 15) to base 4
-133010100
What is 9506d4 (base 14) in base 3?
100110202011012
What is 14a9b3 (base 14) in base 7?
6061413
Convert -256827 (base 9) to base 3.
-21220220221
Convert 16717 (base 8) to base 15.
23db
Convert 122110020120212 (base 3) to base 14.
13363d5
554532 (base 10) to base 7
4466466
-332522 (base 8) to base 15
-23289
56377 (base 12) to base 10
114571
Convert -230212142 (base 5) to base 8.
-3715515
What is -409ab (base 15) in base 5?
-23022221
1712ba (base 12) to base 10
396142
What is -160132 (base 9) in base 14?
-27c97
What is -313300013 (base 4) in base 10?
-228359
What is -bb4a79 (base 12) in base 3?
-12121002010210
What is -1249583 (base 11) in base 14?
-404d5c
What is -1503102 (base 8) in base 12?
-187542
What is 110d9d (base 15) in base 5?
202004243
What is 5632808 (base 9) in base 16?
2e48d0
3447b (base 14) to base 16
1f08d
-10111101000011110110 (base 2) to base 13
-211626
Convert -17746370 (base 8) to base 3.
-21212102120202
What is -4102343 (base 6) in base 7?
-1441263
What is -100120100 (base 4) in base 3?
-10102000202
What is 2951593 (base 10) in base 11?
1736637
Convert 50203 (base 14) to base 13.
697ba
Convert -2022222000210 (base 3) to base 4.
-10232210121
What is 11333020 (base 5) in base 15?
2135a
20201010012 (base 3) to base 4
200033003
What is -1569c3 (base 15) in base 11?
-647641
-45e692 (base 15) to base 11
-1980a04
What is -11270ac (base 13) in base 14?
-9b2b7b
-161456 (base 8) to base 3
-2221210000
What is 34503c (base 14) in base 15?
252a25
-61476 (base 9) to base 6
-511240
-1222220121021 (base 3) to base 12
-4320ba
What is -1523336 (base 8) in base 11?
-278584
-3562700 (base 8) to base 12
-3b1000
Convert -2025174 (base 9) to base 8.
-4074765
What is -2c2194 (base 13) in base 15?
-167e6c
5e40 (base 15) to base 2
100111001110101
Convert b1b86 (base 12) to base 5.
24402020
What is 4eeade (base 15) in base 16?
39ebf7
Convert 2707268 (base 9) to base 7.
15410252
12011434 (base 7) to base 16
1033ae
-235124001 (base 6) to base 12
-15a3601
What is 10423312 (base 5) in base 14?
25912
-100111022 (base 4) to base 9
-111672
-196622 (base 13) to base 6
-21434502
-48120 (base 10) to base 15
-e3d0
What is 113123220 (base 4) in base 12?
47660
What is 13015533 (base 6) in base 16?
67251
-50c068 (base 14) to base 13
-744045
What is 1034121 (base 7) in base 11?
86978
What is 5609300 (base 10) in base 8?
25313524
Convert 2320400 (base 6) to base 2.
11101001001010000
-b59099 (base 14) to base 9
-12476766
Convert 10220011002001 (base 3) to base 15.
2ad391
What is -638951 (base 12) in base 5?
-400223011
1011000001001101000 (base 2) to base 13
c8462
120431323 (base 5) to base 8
2110467
-10071240 (base 8) to base 4
-20013022200
60190 (base 12) to base 10
124668
Convert 1321154 (base 7) to base 10.
173303
20401614 (base 7) to base 3
10020010111010
Convert 543041530 (base 6) to base 15.
cad360
-61435 (base 8) to base 5
-1302443
Convert 2e1c2 (base 15) to base 10.
148907
Convert 7c0a (base 15) to base 7.
136531
What is 474b51 (base 13) in base 10?
1695812
Convert -140363 (base 8) to base 14.
-14003
9345402 (base 10) to base 2
100011101001100101111010
-45a990 (base 11) to base 2
-10110010101100000011
What is -1156cb (base 13) in base 10?
-412020
Convert -82541 (base 12) to base 5.
-20420423
What is 2012112001120 (base 3) in base 2?
100011110000001011001
What is 421544453 (base 6) in base 16?
707571
68867 (base 9) to base 3
2022222021
What is 29432 (base 11) in base 9?
63272
-18fc (base 16) to base 15
-1d66
1110000101000010 (base 2) to base 3
2221002210
Convert 208c3 (base 15) to base 6.
2113533
Convert -7164325 (base 8) to base 7.
-22050440
Convert -18589b7 (base 12) to base 7.
-61211626
Convert 965cbc (base 14) to base 6.
301011342
-3bc4c (base 14) to base 9
-244730
Convert 88a4924 (base 11) to base 8.
73437461
Convert 22457 (base 12) to base 16.
b203
132453 (base 9) to base 6
1